 Let v be (-94)/(-13) + (-138)/598. What is g(v)?
8
Let k(g) = 165*g + 33. Let x(d) = 39*d + 8. Let a(r) = 2*k(r) - 9*x(r). Calculate a(2).
-48
Let j be (-4)/(-3) + 10/6. Suppose 0*m - 3*m = -j. Let w(q) = 18*q**2 + 11*q + 14. Let h(s) = 6*s**2 + 4*s + 5. Let r(k) = -11*h(k) + 4*w(k). Calculate r(m).
7
Let z = -1 + 2. Let s(o) = o**2 - o. Let a(f) = 1. Let w(c) = a(c) + s(c). Let u be w(z). Let d(t) = 13*t - 1. Give d(u).
12
Let i(n) = n**2 + n + 1. Let w = 15 - 443. Let y = w - -433. Calculate i(y).
31
Let x(m) = 11*m**2 - 47*m + 9. Let g(c) be the first derivative of 5*c**3/3 - 11*c**2 + 4*c - 173. Let a(f) = -5*g(f) + 2*x(f). Calculate a(5).
3
Let g(a) = -15*a - 28. Let m(i) = -72*i - 129. Let f(v) = -29*g(v) + 6*m(v). What is f(-15)?
-7
Let a(v) be the first derivative of 5/4*v**4 - 1 + 0*v + 1/2*v**2 + 0*v**3. Let x = -10 + 11. What is a(x)?
6
Let s be (-4)/(-20) + (-1188)/90. Let n(p) = -p**3 - 14*p**2 - 16*p + 9. Determine n(s).
48
Let x(q) = 57*q + 49. Let o(d) = -19*d - 15. Let s(t) = -10*o(t) - 3*x(t). What is s(-3)?
-54
Let b(t) = -t + 1. Let p be ((-3)/5)/((-9)/(-45)). Let u be p*(-20)/(-12) - -9. Calculate b(u).
-3
Suppose -2*g = 20*g - 726. Suppose -u - 1 = -v, 2*v - 7*v = 2*u - g. Let y(h) = -h**2 + 4*h + 10. Give y(v).
5
Let i = -37 + 50. Suppose 2 = -2*a, -k + i = -5*k - 5*a. Let q(w) = 12*w + 1. Give q(k).
-23
Let y = -1335 + 1332. Let p(m) = 2*m**3 + 3*m**2 + m + 3. What is p(y)?
-27
Let j(d) be the second derivative of -d**5/4 - 29*d**4/12 + 11*d**3/6 + 4*d**2 - 6*d - 634. Determine j(-6).
-22
Let c = -3224 + 3231. Let y(p) = p**2 - 9*p - 9. What is y(c)?
-23
Let h(m) = 3*m**2 - 2*m + 4. Let b(f) = -f + 1. Let s(g) = 3*b(g) - h(g). Let a(u) = 2*u**2 - 5*u - 5. Let o(t) = -a(t) - s(t). What is o(-7)?
13
Suppose 995 - 975 = -2*x. Let r(n) = n**3 + 10*n**2 + n + 11. Give r(x).
1
Let y(s) be the second derivative of -s**4/12 - 7*s**3/6 - 4412*s. Give y(-8).
-8
Suppose 0 = -2*m + 4*i - 18, -3*m - 2*m + 4*i - 51 = 0. Let p = -9 - m. Let w(s) = -39*s**2 + 0 - 3 - 3*s + 38*s**p. What is w(-3)?
-3
Let k(w) = -2*w**2 + 19*w + 15. Let y = -34470 + 34481. Give k(y).
-18
Let z be 0/(-4) - (-1 - -32). Let m = z + 29. Let p(f) = -f**2 - 6*f + 2. Let t(s) = 2*s**2 + 12*s - 3. Let y(k) = m*t(k) - 5*p(k). Determine y(-8).
12
Let t(q) = -56*q - 112. Let w(z) = -13*z - 26. Let j(n) = 6*t(n) - 26*w(n). What is j(-10)?
-16
Let u(k) = k**2 + 2*k + 3. Let g(d) = -2*d**2 - 8*d + 62. Suppose -13*l - 567 + 463 = 0. Let q be g(l). Determine u(q).
3
Let c(u) = u**2 + 69 - 41*u**2 - u**3 + 5*u**2 + 14*u**2 - 70. Give c(-21).
-1
Let b(q) = 27*q**2 - 1. Let y(k) = -2*k**2 + 56*k - 14. Let p be y(23). Let t = p + -215. Determine b(t).
26
Let u(a) be the third derivative of a**4/12 + a**3/6 - 24*a**2. Let i = 2 - 6. Let w(n) = -5*n - 3. Let z(f) = i*w(f) - 11*u(f). Give z(-3).
7
Let g(t) = 4*t - 61. Suppose -2*k - 56 = -4*z, z - 17*k + 19*k - 24 = 0. Give g(z).
3
Let m(k) be the first derivative of k**3/3 - 15*k**2/2 - k + 1. Let y = 8977 + -8962. What is m(y)?
-1
Let m(c) be the third derivative of c**6/120 + c**5/12 - 25*c**4/24 - 5*c**3/2 + 681*c**2. Determine m(-8).
-7
Let c(x) = -1 - 2*x + 7 + 1 + 6. Let w be c(5). Let b(s) = 3*s**2 - s**3 - 6 + 10 + 0. Give b(w).
4
Let h(u) = -24*u**3 - 16*u**2 + 20*u + 7. Let v(o) = -70*o**3 - 46*o**2 + 57*o + 20. Let k(a) = -17*h(a) + 6*v(a). Determine k(2).
-107
Let g(c) = -c**2 + 2*c - 2. Let n(a) = -2*a**2 + 3*a - 7. Let s(k) = 7*g(k) - 3*n(k). Let f be 4/14 - ((-160)/7)/4. Determine s(f).
1
Let z(i) = -i - 6. Suppose 4*o - 1 = -3*h + 2, o = 3*h + 12. Let m be h/30*1 - 18/(-180). What is z(m)?
-6
Let v(f) = 10*f**3 + 4*f**2 - 6*f - 12. Let c(b) = -5*b**3 - 4*b**2 + 6*b + 15. Let w(n) = 5*c(n) + 6*v(n). What is w(1)?
36
Let w = -121 + 123. Let i(h) = w*h - 279 + 0*h**2 - h**2 + 283. What is i(3)?
1
Let n(s) = 2*s + 24. Suppose 0 = z - 4*t - 28, 4*z - 3*t - 46 = 14. Suppose d + 3 = 3*h, -6*h + 7*h + 4*d = -z. Calculate n(h).
24
Let r(b) = -18*b**3 + 141*b**3 - 16*b + 16*b**2 - 96*b**3 + 26 - 26*b**3. What is r(-17)?
9
Let v(c) = -c**3 + 6*c**2 - 5*c + 5. Suppose 169 = -5*h + 194. Suppose -20 = -4*o - 4*q, 5*q + 8 = h*o - 7. Give v(o).
17
Let f(y) = 2*y**3 - 2*y**2 + y - 1. Suppose -2*o + 4*o = a + 6, 0 = a. Suppose -o*i - 4*i = -14. Determine f(i).
9
Let f(r) = r**3 + 3. Let j be f(0). Suppose -2*l - 15 = j*a, -6 = 5*a - 4*a + l. Let v(b) = -28 + 5 + 13 + 0*b + 8 - 3*b. Determine v(a).
7
Let o(j) = -j**3 + 16*j**2 + 20*j - 18. Let x be o(17). Let v be (-1 - 3)*x/(-22). Suppose -v*z + 39 = 9. Let m(r) = -r - 1. Calculate m(z).
-6
Suppose 0 = 2*c - 0*c - 16. Let o(q) be the second derivative of -4/3*q**3 + 0 + 11/2*q**2 + 33*q + 1/12*q**4. Calculate o(c).
11
Let p(f) = -f**3 - 8*f**2 + 2*f + 4. Let j(v) be the second derivative of v**5/10 + 5*v**4/4 - 2*v**3/3 - 4*v**2 + 25*v. Let w(d) = 3*j(d) + 5*p(d). Give w(-5).
6
Let z(m) = -m + 10 + 9 - 21 - m**2 + 0*m**2. Let i(g) = g**2 - 5*g + 10. Let s(x) = -i(x) - 2*z(x). Suppose 0 = -a - 0*a - 7. Determine s(a).
-6
Let v(a) = -16*a - 2 - 17*a + 17*a + 14 - 1. Calculate v(1).
-5
Suppose -h + 15 = 2*h. Suppose h*m - 270 = -0*x - 3*x, 4*m + 12 = 0. Let c(k) = 5*k + 92 - x + k - k**2. Calculate c(6).
-3
Suppose -24*r + 21*r + 81 = -5*u, 5*u + 71 = -2*r. Let y(d) = d**2 + 19*d + 19. Calculate y(u).
-41
Let k = -7 + 7. Let w(m) = -5*m**3 + 8*m**2 + 8*m - 6. Let d be w(-4). Let f(l) = -d*l + 201*l + 210*l + 10. What is f(k)?
10
Let g(z) be the first derivative of 27*z**2/2 - 67*z - 9. Let m be g(6). Let a = -89 + m. Let i(q) = -q**3 + 7*q**2 - 5*q - 5. Determine i(a).
1
Suppose -4*i - 3 = 3*a - 6, 5 = -4*i + 5*a. Let h(v) = 17*v + 9. Let y(l) = -20*l - 8 + 16*l - 9*l. Let c(u) = -3*h(u) - 4*y(u). What is c(i)?
5
Let i(g) be the third derivative of g**4/24 + g**3 - g**2. Let c be ((-48)/(-20))/6 + 4/(-50)*55. Calculate i(c).
2
Let h(l) = l**3 - 2*l**2 - 2*l - 1. Let o(y) = 59*y - 942. Let q be o(16). Give h(q).
-5
Let w(k) = k**2 - 2*k + 4. Let l be 86/4 + 12/8. Suppose 24*d - 49 = l. Determine w(d).
7
Let a(l) = l**3 + 36*l**2 + 37*l + 52. Let d = -22389 - -22354. Give a(d).
-18
Let x(w) = 2*w**3 + 199*w**2 - 102*w - 202. Let b be x(-100). Let g(l) = 9*l**3 + 3*l + 5. What is g(b)?
-73
Suppose 2*w = -5*g - 11, -4*w - 5*g = 41 - 34. Let a(m) = 2*m + 451*m**3 - w - 228*m**3 - 222*m**3 - m + 4*m**2 - 1. What is a(-4)?
-7
Let i(r) = 3*r**2 - 1. Suppose 3*m = 3*n + 8*m - 130, 3*m = 6. Let l = n + -15. Let y = -27 + l. Calculate i(y).
11
Let c(g) be the second derivative of -1/2*g**4 + 7/6*g**3 + 587*g + 9/2*g**2 - 1/20*g**5 + 0. Suppose k + 2*k = -21. What is c(k)?
9
Let o be (-2)/4*-3*-8. Let u(l) be the third derivative of 198*l**2 + 0 - 1/5*l**5 + 2*l**3 - 1/120*l**6 + 0*l + 1/24*l**4. Calculate u(o).
0
Suppose 2*h + 1 + 11 = 0. Let v be (1 - (-46)/h)*3/(-2). Let m(i) = -v + 0 - 3*i + 4 + 7. Determine m(2).
-5
Let f(z) = -4*z**2 - 2*z. Suppose 0 = -4*k + 3*u + 813, -4*k + 815 = 2*u - 3*u. Suppose -182 = -11*a - k. What is f(a)?
-12
Let f(o) = o**3 - 3*o**2 + o - 4. Let a(b) = -b**2 + 547*b + 4. Let z be a(0). Give f(z).
16
Let a be 2/(-3) + 5060/30. Suppose -6*l = -34*l - a. Let x(m) = -2*m - 9. Give x(l).
3
Let a(w) = -11*w**3 - 16*w**2 - 16. Let c(b) = 13*b**3 + 17*b**2 + 17. Suppose 30 = 172*j - 177*j. Let y(p) = j*a(p) - 5*c(p). Determine y(-11).
11
Let z(b) = 3*b - 1. Let d(i) = 9*i - 4. Let x(c) = -6*d(c) + 17*z(c). Let p(s) = s**3 + 10*s**2 - 56*s + 5. Let q be p(4). What is x(q)?
-8
Let m(p) = -21*p - 53. Let f(g) = -38*g - 66. Let v(j) = -4*f(j) + 7*m(j). What is v(12)?
-47
Let n(c) = -26*c + 329. Let h be n(14). Let a(d) = d + 26. What is a(h)?
-9
Let v = -1314 - -1325. Let j(w) = -10*w + 105. What is j(v)?
-5
Let l(m) = 5*m - 6. Let z be l(2). Let c(w) = -2*w - 2. Let y(g) = 4*g - 15. Let t(x) = z*c(x) - y(x). Determine t(3).
-29
Let q(d) = -10*d + 39. Let o be q(4). Let t(v) be the first derivative of 3*v**2/2 + v - 182. Calculate t(o).
-2
Suppose -253*d + 313*d = 300. Let a(z) be the third derivative of 0*z - 9*z**2 + 0*z**4 + 0 + 1/6*z**3 + 11/60*z**d. Determine a(-1).
12
Let r(v) = -v**2 - 6*v - 3. Let c(x) = -2*x + 1. Suppose 5*b - q = 8 + 2, -4*q = -b + 21. Let u(f) = b*r(f) + 2*c(f). Determine u(-6).
23
Let f(m) = 5*m**2 + 3*m + 2. Let z(o) = o**2 - o. Let c